 + 3*f - 2. What is k(2)?
-4
Let u(j) = j**2 + 4*j - 46. Give u(5).
-1
Let s(i) = -5*i - 4. What is s(6)?
-34
Let c(w) = -2*w + 14. Calculate c(10).
-6
Let h(z) = 8*z + 46. Determine h(-4).
14
Let f(a) = -a**3 + 10*a**2 - 5*a + 7. Determine f(10).
-43
Let j(c) = -c**3 + 2*c - 14. Calculate j(0).
-14
Let c(s) = s**3 - 9*s**2 - 6*s - 5. Calculate c(10).
35
Let b(u) = 4*u**2 - 153*u + 43. Calculate b(38).
5
Let p(w) = -w**3 - 18*w**2 - 20*w + 19. What is p(-17)?
70
Let o(r) = r**2 - 37*r + 124. Calculate o(33).
-8
Let c(p) = -3*p + 2. What is c(-3)?
11
Let f(w) = w**3 + 7*w**2 - 5*w + 21. Calculate f(-8).
-3
Let p(o) = -o**3 - 3*o**2 - 4*o - 2. Give p(-2).
2
Let o(z) = -z**2 + 63*z - 126. Give o(61).
-4
Let t(o) = -3*o - 63. Determine t(-22).
3
Let f(r) = -14*r - 152. What is f(-11)?
2
Let w(f) = f**2 - 20*f + 54. What is w(4)?
-10
Let p(i) = 2*i + 2. What is p(-4)?
-6
Let z(o) = -o**2 + 6*o - 10. What is z(5)?
-5
Let v(l) = -16*l + 1. What is v(-3)?
49
Let z(p) = p + 11. Give z(-1).
10
Let q(t) = t**3 - 21*t**2 - 20*t - 5. Give q(22).
39
Let q(n) = -3*n - 26. Determine q(0).
-26
Let i(k) = -k**2 - 1. Give i(3).
-10
Let m(u) = -u**2 + 21*u - 39. Give m(12).
69
Let x(h) = -14*h - 2. Determine x(-2).
26
Let c(z) = -z**3 + 11*z**2 - z + 19. What is c(10)?
109
Let p(w) = -2*w - 13. Calculate p(-12).
11
Let t(q) = -2*q**3 + 26*q**2 - 2*q + 19. Give t(13).
-7
Let y(q) = -8*q - 8. What is y(-4)?
24
Let o(s) = -s**2 + 2*s + 18. Calculate o(0).
18
Let b(t) = t**2 - 8*t - 6. Calculate b(9).
3
Let b(x) = -2*x**2 - 5*x - 4. Determine b(-6).
-46
Let y(h) = 136*h + 818. Determine y(-6).
2
Let a(x) = x**2 + 8*x - 24. What is a(-8)?
-24
Let w(k) = -k. Determine w(-7).
7
Let u(y) = 2*y**3 - 3*y**2. Give u(2).
4
Let s(t) = -t**2 + 8*t - 9. Give s(5).
6
Let x(o) = 9*o - 1. What is x(5)?
44
Let t(a) = a**3 - 21*a**2 + 20*a - 1. Determine t(20).
-1
Let m(u) = u**2 + 10*u + 3. Calculate m(-9).
-6
Let m(y) = -y - 14. Determine m(-10).
-4
Let q(k) = 15*k**2 + 7*k + 7. Give q(-1).
15
Let l(p) = -100*p - 111. Calculate l(-1).
-11
Let z(x) = x**2 + 35*x + 65. What is z(-33)?
-1
Let d(v) = -v**2 + 13*v + 5. Determine d(12).
17
Let n(l) = 6*l**2 - 7*l - 5. Determine n(4).
63
Let t(l) = 373*l - 1121. Determine t(3).
-2
Let j(g) = -3*g**2 - 3*g - 2. Calculate j(-2).
-8
Let w(x) = -4*x - 18. Calculate w(-9).
18
Let r(q) = -2*q**3 - 3*q - 4. What is r(0)?
-4
Let i(v) = -45*v + 954. Calculate i(21).
9
Let x(j) = j + 15. Determine x(-18).
-3
Let r(c) = -c**2 + 11*c - 13. What is r(9)?
5
Let v(c) = -23*c**3 + 5*c - 5. What is v(1)?
-23
Let b(n) = -12*n**3 + 2*n - 3. Calculate b(1).
-13
Let y(d) = d**3 + 2*d**2 - 9*d + 5. Give y(3).
23
Let h(p) = -p**2 + 11*p - 30. Give h(7).
-2
Let p(x) = -x**2 + 9*x - 11. Calculate p(8).
-3
Let m(b) = b**2 - b - 14. What is m(6)?
16
Let s(t) = t**3 - 18*t**2 + 71*t + 13. Give s(12).
1
Let y(s) = -s**3 + 14*s**2 - 15*s + 18. Calculate y(13).
-8
Let y(a) = a**3 + 18*a**2 - 17*a + 44. What is y(-19)?
6
Let c(h) = -h**3 - 19*h**2 + 24*h + 32. Calculate c(-20).
-48
Let m(x) = x**2 + 16*x - 21. Determine m(-18).
15
Let b(x) = -x**3 + 8*x**2 + 6. Calculate b(8).
6
Let q(a) = -a**2 + a - 2. What is q(5)?
-22
Let t(a) = a**3 + 3*a**2 + a. Calculate t(-2).
2
Let k(p) = -p**3 - 64*p**2 + p - 5. What is k(0)?
-5
Let k(q) = -4*q**2 + q - 3. Determine k(3).
-36
Let j(q) = q**3 - 11*q**2 + 21*q - 19. Calculate j(9).
8
Let d(m) = -m - 12. Determine d(-4).
-8
Let u(h) = h**3 + 14*h**2 + 12*h - 18. Calculate u(-13).
-5
Let k(r) = 7*r - 71. What is k(9)?
-8
Let w(r) = -4*r**2 + 20*r - 6. Give w(4).
10
Let j(m) = -71*m**3 + 3*m**2 - 3*m + 1. Give j(1).
-70
Let j(b) = 2*b - 30. Determine j(12).
-6
Let s(d) = -d**3 - 12*d**2 + 25*d - 33. Determine s(-14).
9
Let r(p) = p**3 + 8*p**2 + 10*p. What is r(-5)?
25
Let p(r) = -5*r**3 - 4*r - 3. Determine p(-1).
6
Let u(g) = -g**2 - 12*g - 20. Determine u(-9).
7
Let d(q) = q - 19. Calculate d(-6).
-25
Let w(o) = o**2 - 28*o - 10. Determine w(18).
-190
Let c(q) = -5*q**2 + 40*q - 4. Determine c(8).
-4
Let u(n) = 5*n**2 - 30*n. What is u(5)?
-25
Let g(z) = -z. Give g(18).
-18
Let j(k) = -k**2 - 40*k - 149. Give j(-36).
-5
Let q(a) = -a**3 + 12*a**2 + 46*a - 27. Give q(15).
-12
Let g(a) = -a**2 - 5*a - 1. Give g(-5).
-1
Let x(f) = f**3 + 9*f**2 + 6*f - 6. Calculate x(-8).
10
Let f(d) = -3*d - 2. What is f(-2)?
4
Let x(w) = -w**2 + 4*w + 165. Give x(-11).
0
Let c(h) = 2*h - 44. Calculate c(13).
-18
Let x(s) = 177*s**3 - s**2 + 2*s + 2. Determine x(-1).
-178
Let k(n) = n**2 + 9*n + 30. Calculate k(-9).
30
Let q(m) = -m - 5. Calculate q(-7).
2
Let y(m) = -m**3 - 5*m**2 - 5*m - 24. Determine y(-5).
1
Let b(w) = -2*w + 52. Calculate b(23).
6
Let y(f) = -f**3 - 17*f**2 + 18*f + 22. Calculate y(-18).
22
Let y(b) = -2*b**2. Determine y(-1).
-2
Let t(z) = -70*z + 710. What is t(10)?
10
Let r(z) = -z**3 - 6*z**2 + 41*z + 18. Calculate r(-10).
8
Let r(p) = -p**2 - 14*p + 11. Give r(-16).
-21
Let x(c) = 6*c - 5. Determine x(2).
7
Let a(n) = 2*n**2 - 24*n + 29. What is a(10)?
-11
Let x(u) = u**3 + 12*u**2 + 5*u - 81. Calculate x(-11).
-15
Let b(f) = f**2 - 7*f - 24. Calculate b(10).
6
Let o(h) = -h**2 + 10*h + 12. Give o(6).
36
Let l(v) = -2*v**2. Give l(-2).
-8
Let k(d) = -d**2 + 5*d + 12. Calculate k(6).
6
Let z(r) = 7*r + 43. Determine z(-6).
1
Let y(c) = c**3 + 12*c**2 - c - 15. What is y(-12)?
-3
Let l(t) = -2*t + 1. Give l(-2).
5
Let o(s) = 2*s - 1. Calculate o(-6).
-13
Let h(c) = c**2 + 19*c - 28. Calculate h(-19).
-28
Let g(l) = 16*l - 3. What is g(2)?
29
Let v(s) = 3*s - 21. Give v(6).
-3
Let n(z) = -z**2 - 21*z + 265. Determine n(-30).
-5
Let p(s) = -s**3 - 8*s**2 + 7. Give p(-8).
7
Let v(t) = -2*t**2 - 59*t - 235. Determine v(-25).
-10
Let b(s) = 3*s - 14. What is b(10)?
16
Let z(r) = -14*r + 2. Determine z(1).
-12
Let k(z) = -7*z**2 - 77*z - 5. What is k(-11)?
-5
Let t(x) = x**3 - x**2 + x + 44. Calculate t(0).
44
Let h(j) = j**2 + 24*j - 7. What is h(-25)?
18
Let d(b) = -4*b - 9. Determine d(-4).
7
Let y(f) = 7*f - 67. Calculate y(17).
52
Let v(q) = -q**2 - 10*q - 7. What is v(-9)?
2
Let c(x) = -x**3 + x**2 + 2*x + 4. Calculate c(2).
4
Let t(j) = 14*j + 75. Give t(-5).
5
Let i(s) = -s**3 - 13*s**2 - 12*s. Determine i(-12).
0
Let w(a) = -2*a + 10. Give w(7).
-4
Let m(d) = d - 13. Give m(10).
-3
Let k(d) = d - 18. Give k(9).
-9
Let c(d) = -96*d - 1. Give c(-1).
95
Let c(o) = o**3 - 11*o**2 - 5*o + 19. What is c(12)?
103
Let u(i) = 3*i - 9. Calculate u(6).
9
Let x(s) = -s + 7. Calculate x(11).
-4
Let d(j) = -2*j**3 - 41*j**2 - 20*j - 29. Calculate d(-20).
-29
Let t(w) = -2*w**2 - 5*w - 16. Give t(-6).
-58
Let p(h) = -h - 22. Determine p(-20).
-2
Let x(r) = -r + 19. What is x(14)?
5
Let m(b) = b + 13. Calculate m(-5).
8
Let h(p) = p**2 + 11*p + 33. Give h(-9).
15
Let f(i) = 72*i**3 - i**2 - 4*i - 4. Determine f(-1).
-73
Let f(a) = -a**3 + 24*a**2 + 22*a - 19. Give f(25).
-94
Let h(x) = x**2 + 34*x + 95. Determine h(-30).
-25
Let m(d) = -d**3 - 41*d**2 + 1. What is m(-41)?
1
Let g(n) = 6*n + 78. Determine g(-12).
6
Let w(m) = -6*m + 9. Give w(9).
-45
Let m(y) = y**3 - 4*y**2 - 9*y + 11. Determine m(-3).
-25
Let h(v) = 4*v**2 + 5*v. Determine h(-2).
6
Let y(f) = f**3 - 36*f**2 - 76*f + 6. Give y(38).
6
Let o(z) = -z**3 + 11*z**2 + 17*z + 87. Calculate o(13).
-30
Let r(t) = -t**3 + 5*t**2 - 2*t - 2. Give r(4).
6
Let r(k) = 20*k - 3. Give r(3).
57
Let b(f) = f**3 - 10*f**2 - 12*f + 22. Determine b(11).
11
Let m(n) = 9*n - 1. Calculate m(-2).
-19
Let t(v) = 3*v**2 + 16*v + 6. What is t(-5)?
1
Let r(u) = -18*u - 101. What is r(-6)?
7
Let m(y) = 2*y + 4. Give m(9).
22
Let t(q) = q**3 + 4*q**2 - q - 4. What is t(-3)?
8
Let a(k) = 3*k - 2. Give a(-7).
-23
Let a(f) = -2*f**2 + 8*f - 1. Give a(6).
-25
Let k(z) = z**2 - 8*z + 7. Determine k(-6).
91
Let s(b) = b - 14. Determine s(8).
-6
Let k(d) = -6*d + 92. What is k(18)?
-16
Let f(l) = 30*l + 726. Give f(-24).
6
Let j(f) = -5*f - 12. Determine j(-5).
13
Let s(h) = -h**3 + 7*h**2 - 9*h + 4. Determine s(6).
-14
Let t(w) = w**2 + 9*w + 5. Give t(-8).
-3
Let h(j) = j**3 + j**2 + 2*j + 1. Determine h(-2).
-7
Let o(x) = 2*x**3 + 8*x**2 + 6*x + 2. Calculate o(-5).
-78
Let s(l) = -l**3 - 15*l**2 - 40*l - 46. Give s(-12).
2
Let d(i) = -i**3 + 16*i**2 - 2*i + 49. Give d(16).
17
Let a(w) = w**3 - 4*w*